ivative of 2*t + 11/2*t**2 - 131/6*t**3 + 0. Is m(-4) a composite number?
True
Let g(y) = y**2 - 2*y - 3. Suppose 0 = -3*a + 2*h + 7, 3*h + 13 = 4*a + 4. Let x be g(a). Is 3 - -115 - (-2 + 1 - x) a composite number?
True
Let l = 8822 + -1460. Suppose -11078 = -3*f - 5*x + 4*x, -2*f + l = -4*x. Is f composite?
False
Suppose 5*r = -m + 102391, -10*m + 13*m = -5*r + 102403. Is r a prime number?
True
Let w(l) = 12*l**2 + 4 + 6*l**2 + 33 - 5*l - 5*l**2. Is w(5) a composite number?
False
Let z(r) = -1161*r - 61. Let j be z(6). Let q = j + 15480. Is q composite?
True
Suppose 933415 = t - 5*z - 2181842, t + 5*z - 3115217 = 0. Is t prime?
True
Suppose 0 = 4*i - 8, 5*i - 2 = -0*u + 2*u. Suppose 2*g = u*t - 11328, 4*t = 4*g - 926 + 12250. Is t prime?
True
Suppose 0 = 6*j - 10*j + 12. Suppose 4*h - 6187 - 3629 = 0. Suppose -3*o = j*o - h. Is o prime?
True
Is (43 + -39)*234595/20 a composite number?
False
Suppose 1846 - 19594 = 6*o. Let l = o - -6515. Is l prime?
True
Suppose 20*z + 112*z = 131924892. Is z a prime number?
True
Suppose 4*b + 19528 = 6*k - 8*k, 0 = -b + 2. Let c = -3679 - k. Is c a prime number?
True
Let k = -121 - -126. Suppose 0*g = -2*q + 5*g - 642, 682 = -2*q - k*g. Let a = q + 650. Is a prime?
False
Suppose 22 + 26 = 2*w + 5*o, 5*o = -10. Suppose 11*b - 2534 = w. Is b a composite number?
False
Let s be ((-91108)/3)/(1/(1 - -2)). Is s/(-10) + 7/(30 - -5) a composite number?
True
Let j = -247516 - -381843. Is j composite?
False
Suppose 13*u = 51507 + 959386. Is u a prime number?
True
Suppose 2*r = -4*f + 16, 4*r + 4*f - 8 - 4 = 0. Let h(k) = -329*k + 33. Is h(r) composite?
False
Let z = 18 + 5. Let s = z - 56. Is 75/(-50) + 1/((-2)/s) composite?
True
Suppose -27*n - 54*n - 55*n = -511496. Is n a prime number?
True
Let f(z) = 8*z + 3167. Is f(-30) composite?
False
Let v = 269 - 218. Suppose -v = -h - 52, -5*h = 2*j - 8093. Is j a composite number?
False
Let o be 2 - 6 - (11 + -20). Suppose -v - 290 = 2*x - 1159, o*v - 4401 = 4*x. Is v composite?
False
Suppose 0 = 5*l + g + 293 + 1246, 0 = 4*l + 3*g + 1240. Let v = 318 + l. Is v composite?
False
Suppose 4*h = 4*t - 32, h + 3*t - 4 = 2*h. Let g be (-2286)/(-5) - (-2)/h - 4. Let d = g - -68. Is d prime?
True
Suppose 4*o = 16, 4*h - 106*o + 101*o - 22716 = 0. Suppose 4*i = 5*k - 16096, 5*i + 5*k + 24164 - 3999 = 0. Let m = h + i. Is m prime?
False
Let x = 197720 - 123033. Is x composite?
False
Let c = -156843 + 721450. Is c composite?
False
Let p = 33 + -28. Suppose 15 = -p*q - 40. Let a(g) = 10*g**2 + 7*g - 22. Is a(q) prime?
False
Let f = 72597 + -4804. Is f a composite number?
True
Let o(c) = c**2 + c - 198. Let u be o(0). Let d = 811 + u. Is d prime?
True
Let k(a) = -1143528*a**3 - 4*a**2 + 9*a + 14. Is k(-1) composite?
False
Let u(s) = 285*s**2 - 98*s - 343. Is u(-4) prime?
False
Suppose 2*x + x - 12 = 0. Is x/(-1) + 10 + 992 prime?
False
Let g = 0 - -4. Let i(f) = -3*f + 233. Let q be i(25). Suppose 2*a - g*a = -q. Is a a prime number?
True
Suppose -5*u - 6560 = -4*r - 9*u, 2*u = 2*r - 3260. Suppose 0 = -7*a - r + 9062. Is a a prime number?
True
Let p(s) = 3243*s + 2849. Is p(96) prime?
False
Suppose 3*u + 5 = 23. Suppose 2*r + 11328 = u*r + 5*a, -2*r + 5662 = 2*a. Is r composite?
True
Suppose 32949 = 11*k - 2*k. Let z = 7070 - k. Is z a prime number?
False
Suppose d - 24510 = -4*m - d, 4*m + 8*d = 24516. Is m composite?
True
Let k(r) = -4*r - 70. Let x be k(-18). Suppose -18554 = -4*m - 3*b, -5*m = b + x*b - 23191. Is m composite?
False
Let i(u) = 43*u**3 - u**2 - u + 2. Let w be i(2). Suppose 0 = -3*a - 4*p + 27, -2*a - 4*p = -a - 17. Is a/(5/w*4) prime?
False
Is (-1 + -189)*94891/(-186) - (-4)/(-6) composite?
False
Suppose -5*h + 53 = 33, -2*b - 4*h = -45494. Is b a composite number?
False
Suppose 4*j = -j - 2*c + 10723, 0 = c - 4. Suppose 2*f = f - j. Is (21 + f)*1/(-2) prime?
True
Let h(m) = 3264*m - 1510. Is h(8) a prime number?
False
Let r(m) = m**3 + 7*m**2 + 7*m + 13. Let l be r(-6). Suppose -20207 - 30578 = -l*s. Is s prime?
False
Suppose y = -3*b + 11867, 4*b - 3959 = 3*b - 2*y. Suppose 4*p = g + 2*p - 12, 4*p - 18 = -5*g. Suppose -b = -g*x - x. Is x a prime number?
False
Suppose 0 = -28*v - 22*v - 700. Let w(i) = -104*i - 95. Is w(v) a prime number?
True
Let p be (-465)/(-12) - ((-105)/(-12) + -9). Suppose 12295 = -34*b + p*b. Is b a composite number?
False
Let a be (-9 - (-1)/(-1))/((-4)/2). Suppose -a*u = 3*j - 4433, -2*u - 2*j - 372 = -2142. Is u a prime number?
False
Is 2*7/((-196)/(-6705986)) a composite number?
False
Let t = 254705 + -75388. Is t prime?
True
Let j(z) be the second derivative of 13*z**4/3 + 13*z**3/2 + 19*z**2/2 + 74*z. Is j(8) prime?
True
Let u = -1489257 - -3177830. Is u composite?
False
Suppose -4*s - 4*h = -28, h - 1 = s - 10. Let l(f) = f**3 - 2*f**2 + 4*f - 11. Let p be l(s). Suppose 3*b = -4*u + 211, -5*b + 0*b = -4*u - p. Is b prime?
False
Suppose 3*h - 4*b = -9*b + 28, 5*h = -5*b + 30. Let s be (h*1640)/(-1) - -2. Let f = 2404 + s. Is f a prime number?
False
Let s be (9 + -9)*1/2. Suppose s = 12*g - 3*g - 55782. Suppose -8*o + 4130 = -g. Is o a prime number?
True
Is ((-15591)/(-51))/(4/14948) - 546/(-4641) a prime number?
True
Is (-37855562)/(-342) + 110/33*3/45 a prime number?
False
Let h(f) be the second derivative of -5*f**5/2 + f**4/3 + 5*f**3/6 + f**2/2 - 34*f. Let v be (-140)/77 - 2/11. Is h(v) a composite number?
True
Let d(b) = -13*b - 20. Let k be d(-2). Suppose k*p = -28239 + 181605. Is p a composite number?
False
Suppose 4*h - 296264 = -4*q, 0 = 3463*h - 3460*h + 4*q - 222193. Is h a composite number?
False
Let d(c) = 4*c - 29. Let m be d(11). Let x(q) = 17*q**2 - 13*q + q**3 + 2*q + m + 8*q. Is x(-16) a composite number?
True
Suppose 3*c = -c - 0*c. Suppose -k + 0*w + 4*w + 14 = c, -k - w = 1. Suppose 17*y - 4965 = k*y. Is y a prime number?
True
Let f = 14 + -2. Suppose 0 = -2*q - 0*q + f. Is 144 - (0 - 1)*q/(-6) a composite number?
True
Let m(z) = -z**2 + 15*z + 50. Let x be m(17). Suppose 0 = 4*i - 3*c - 15, 3*i - 20 = 3*c + c. Suppose i*s = -x*s + 47024. Is s composite?
False
Let y(b) be the first derivative of -b**4/2 - 4*b**3/3 - 2*b**2 - 16*b + 63. Let k(l) = -7*l**2 + l - 1. Let x be k(1). Is y(x) a composite number?
True
Let z(q) = -438*q + 737. Is z(-19) a prime number?
True
Suppose 30*y + 940959 = 5*v + 29*y, -4*v - y = -752760. Is v composite?
True
Suppose -180176 = -g + 3*s - 33120, -s - 147050 = -g. Is g prime?
True
Let m(r) = -24*r - r**3 + 19*r + 2*r - 23*r**2 + 56 - 13 - 61*r. Is m(-30) composite?
False
Suppose -129064 = -22*m + 213806. Let q = m - 6258. Is q a composite number?
True
Suppose 4*c - 57274 = 4*i - 825818, -4*i + 768543 = -5*c. Is i composite?
True
Suppose o = -3*s + 36, -o + 4*o - 86 = 2*s. Suppose -4*c + 238 = 2*g, 0 = 3*g + 3*c - o - 330. Is g prime?
False
Suppose -19856 = -f + 14404. Let o be (f/50)/((-1)/(-5)). Let h = o - 1297. Is h composite?
False
Suppose 0 = -z - 4*l + 2122557, -l = z - 2118339 - 4230. Is z a prime number?
True
Let r(p) be the second derivative of 21*p**5/20 - 5*p**4/12 + 2*p**3/3 - 23*p**2/2 - 62*p - 2. Is r(6) prime?
True
Suppose -4*s + 527131 - 77531 = -3*u, -3*s + 5*u + 337211 = 0. Is s a prime number?
True
Suppose 0 = 8*r + 132405 - 28053. Let l = -8755 - r. Is l composite?
False
Suppose -17*k = -29*k + 24. Suppose 4*u = -2*l - k*l, 0 = -4*l + 4*u. Let t(s) = -5*s**2 + 2*s + 1823. Is t(l) a prime number?
True
Let g(t) = t**2 + 23*t - 24. Let n be g(-24). Suppose 2*x + 7*a - 4*a + 34 = n, 3*x - a = -40. Let v(r) = -r**3 + 2*r**2 - 27*r + 13. Is v(x) prime?
True
Let i(r) = -1966*r**3 - 5*r**2 - 2*r + 29. Is i(-4) a prime number?
False
Let c(h) = 9*h + 94*h**2 - 59 + 29 + 46. Is c(5) prime?
True
Suppose 4*x + 325 = 2105. Suppose -3*t - 500 - x = 0. Let o = t - -2056. Is o a prime number?
True
Suppose 5*k + 2576 = -0*h - 4*h, -2*h - 1288 = -2*k. Let p = 963 + h. Is p prime?
False
Let d be (2/(-3))/((-18)/135). Suppose -d*k = -2*t - 12, 0 = 3*t + 3 - 15. Suppose -4*j = -k*q + 1960, -q - j - 1969 = -5*q. Is q a composite number?
True
Let l be 1616/12*(22 + 2). Let p = l + -1679. Is p a prime number?
True
Is 76/(-342) - (-8515313)/9 - 36/(-27) a prime number?
False
Is 3/7 + (-172610)/(-7 + (-5929)/(-869)) a composite number?
True
Suppose 0 = 4*m + s - 144, 2*s + 17 = 3*m - 91.